{"id":4884,"date":"2024-03-28T13:14:47","date_gmt":"2024-03-28T13:14:47","guid":{"rendered":"https:\/\/joyeriadreide.com\/product\/edox-neptunian-automatic-1000m-ref-80120-3nca-nin\/"},"modified":"2024-07-24T19:07:03","modified_gmt":"2024-07-24T19:07:03","slug":"edox-neptunian-automatic-1000m-ref-80120-3nca-nin","status":"publish","type":"product","link":"https:\/\/joyeriadreide.com\/?product=edox-neptunian-automatic-1000m-ref-80120-3nca-nin","title":{"rendered":"Edox Neptunian Automatic 1000M&#8230;&#8230;Ref : 80120-3NCA-NIN"},"content":{"rendered":"<p style=\"text-align: center\" data-mce-style=\"text-align: center;\">ESPECIFICACIONES TECNICAS<\/p>\n<p>MOVIMIENTO : Mec\u00e1nico Automatico calibre Edox80 ( SW200 ) &#8211; 28.800 a\/h &#8211; 4hz &#8211; 38h de reserva de marcha &#8211; 25h &#8211; posibilidad de carga manual.<\/p>\n<p>FUNCIONES : Horas,Minutos,Segundos centrales,Fechador.<\/p>\n<p>CAJA : \u00a0Acero 316L pulida y satinada tripartita,carrura monobloque con asas integradas,Valvula de descompresi\u00f3n de helio,fondo roscado con grabado a laser de Neptuno,corona roscada con sistema patentado Edox O&#8217;Ring,bisel cer\u00e1mico unidireccional con escala de tiempo de inmersi\u00f3n.<\/p>\n<p>TAMA\u00d1O : 44mm<\/p>\n<p>GROSOR : 15.6mm<\/p>\n<p>PESO : 105gr<\/p>\n<p>CRISTAL : Zafiro con tratamiento antireflejo en ambas caras.<\/p>\n<p>RESISTENCIA AL AGUA : 1000M ( 100 Atm Iso 6425 ) Inmersi\u00f3n profesional.<\/p>\n<p>ESFERA : Negra con escala de segundos y caracter\u00edsticas del modelo en realce,Indices aplicados y agujas M y H tratados en Superluminova,segundero central con contrapeso luminiscente,fechador en las 3h.<\/p>\n<p>BRAZALETE : Correa de caucho de alta calidad con cierre ardillon de acero.<\/p>\n<p>GARANTIA : 2 A\u00f1os oficial.<\/p>\n","protected":false},"excerpt":{"rendered":"<p><\/p>\n","protected":false},"featured_media":4881,"comment_status":"open","ping_status":"closed","template":"","meta":[],"product_brand":[],"product_cat":[979,978,975,938,194],"product_tag":[985,992,986,988,990,900,898,829,993,446,987,373,897,994,989,991,894,416,917],"class_list":{"0":"post-4884","1":"product","2":"type-product","3":"status-publish","4":"has-post-thumbnail","6":"product_cat-automatic-neptunian","7":"product_cat-diver-neptunian","8":"product_cat-hombre-neptunian","9":"product_cat-neptunian","10":"product_cat-relojes","11":"product_tag-edox","12":"product_tag-edox-fuengirola","13":"product_tag-edox-maitres-horlogerie-1884","14":"product_tag-edox-neptunian-automatic","15":"product_tag-edox-watches","16":"product_tag-estilo-de-vida","17":"product_tag-joyeria-en-fuengirola","18":"product_tag-lujo","19":"product_tag-luxury-lifestyle-automatic-watches","20":"product_tag-luxury-watches","21":"product_tag-neptunian-atutomatic","22":"product_tag-profesional-diver","23":"product_tag-relojeria-en-fuengirola","24":"product_tag-relojes-automaticos","25":"product_tag-relojes-edox","26":"product_tag-relojes-edox-en-fuengirola","27":"product_tag-relojes-suizos","28":"product_tag-swissmade","29":"product_tag-swissmade-watches","31":"first","32":"instock","33":"shipping-taxable","34":"purchasable","35":"product-type-simple"},"_links":{"self":[{"href":"https:\/\/joyeriadreide.com\/index.php?rest_route=\/wp\/v2\/product\/4884","targetHints":{"allow":["GET"]}}],"collection":[{"href":"https:\/\/joyeriadreide.com\/index.php?rest_route=\/wp\/v2\/product"}],"about":[{"href":"https:\/\/joyeriadreide.com\/index.php?rest_route=\/wp\/v2\/types\/product"}],"replies":[{"embeddable":true,"href":"https:\/\/joyeriadreide.com\/index.php?rest_route=%2Fwp%2Fv2%2Fcomments&post=4884"}],"wp:featuredmedia":[{"embeddable":true,"href":"https:\/\/joyeriadreide.com\/index.php?rest_route=\/wp\/v2\/media\/4881"}],"wp:attachment":[{"href":"https:\/\/joyeriadreide.com\/index.php?rest_route=%2Fwp%2Fv2%2Fmedia&parent=4884"}],"wp:term":[{"taxonomy":"product_brand","embeddable":true,"href":"https:\/\/joyeriadreide.com\/index.php?rest_route=%2Fwp%2Fv2%2Fproduct_brand&post=4884"},{"taxonomy":"product_cat","embeddable":true,"href":"https:\/\/joyeriadreide.com\/index.php?rest_route=%2Fwp%2Fv2%2Fproduct_cat&post=4884"},{"taxonomy":"product_tag","embeddable":true,"href":"https:\/\/joyeriadreide.com\/index.php?rest_route=%2Fwp%2Fv2%2Fproduct_tag&post=4884"}],"curies":[{"name":"wp","href":"https:\/\/api.w.org\/{rel}","templated":true}]}}