{"id":4789,"date":"2024-03-08T19:44:59","date_gmt":"2024-03-08T19:44:59","guid":{"rendered":"https:\/\/joyeriadreide.com\/product\/frederique-constant-highlife-ladies-automatic-ref-fc-303mpw2nh6b\/"},"modified":"2024-03-08T19:50:25","modified_gmt":"2024-03-08T19:50:25","slug":"frederique-constant-highlife-ladies-automatic-ref-fc-303mpw2nh6b","status":"publish","type":"product","link":"https:\/\/joyeriadreide.com\/?product=frederique-constant-highlife-ladies-automatic-ref-fc-303mpw2nh6b","title":{"rendered":"Frederique Constant Highlife Ladies Automatic &#8230;.Ref : FC-303MPW2NH6B"},"content":{"rendered":"<p>\u00a0 \u00a0 \u00a0 \u00a0 \u00a0 \u00a0 \u00a0 \u00a0 \u00a0 \u00a0 \u00a0 \u00a0 \u00a0 \u00a0 \u00a0 \u00a0 \u00a0 \u00a0 \u00a0 \u00a0 \u00a0 \u00a0 \u00a0 \u00a0 \u00a0 \u00a0 \u00a0 \u00a0 \u00a0 \u00a0 \u00a0ESPECIFICACIONES TECNICAS<\/p>\n<p>MOVIMIENTO : Automatico con posiblidad de remontaje manual calibre FC-303 ( Base SW200 ) &#8211; 28.800 a\/h &#8211; 38h de reserva de marcha &#8211; 26 rubis.<\/p>\n<p>FUNCIONES : Horas &#8211; Minutos &#8211; Fechador.<\/p>\n<p>CAJA : Acero 316L Tripartita de carrura monobloque pulida con forma tonneau con asas satinadas integradas,dise\u00f1o en media luna para armix o correa integrada con sistema easy change,bisel redondo pulido, fondo atornillado abierto con cristal de zafiro que deja ver el movimiento.Corona acanalada con logo de la casa.<\/p>\n<p>TAMA\u00d1O : 34mm<\/p>\n<p>GROSOR : 9.8mm<\/p>\n<p>CRISTAL : Zafiro con tratamiento anti reflejo en ambas caras reverso cristal de zafiro.<\/p>\n<p>ESFERA : Dividida en dos sectores,centro en blanca con decoraci\u00f3n del globo terr\u00e1queo y inspiraci\u00f3n en los meridianos, segundo sector en madre perla natural blanca con indices en bast\u00f3n aplicados y tratados en Superluminova,agujas M y H pulidas tratadas en Superluminova,trotadora central de segundos, fechador en ventanilla a las 3h.<\/p>\n<p>RESISTENCIA AL AGUA : 50M ( 5 Atm no sumergible )<\/p>\n<p>BRAZALETE : Armix de acero 316L compuesto de eslabon de dos piezas pulidos y satinados articulados,integra sistema easy change para intercambio r\u00e1pido de correa, cierre oculto con pulsadores de seguridad.Se presenta con una correa extra en blanca de caucho de alta calidad con cierre ardillon de acero y sistema easy change change integrado.<\/p>\n","protected":false},"excerpt":{"rendered":"<p><\/p>\n","protected":false},"featured_media":4786,"comment_status":"open","ping_status":"closed","template":"","meta":[],"product_brand":[],"product_cat":[207,298,296,194],"product_tag":[900,837,913,440,915,914,919,898,923,924,446,496,920,918,719,922,897,896,921,894,836,916,917,925,926,839],"class_list":{"0":"post-4789","1":"product","2":"type-product","3":"status-publish","4":"has-post-thumbnail","6":"product_cat-frederique-constant","7":"product_cat-highlife","8":"product_cat-mujer","9":"product_cat-relojes","10":"product_tag-estilo-de-vida","11":"product_tag-exclusividad","12":"product_tag-frederique-constant","13":"product_tag-highlife","14":"product_tag-highlife-ladies","15":"product_tag-highlife-ladies-automatic","16":"product_tag-jewellery-shop-fuengirola","17":"product_tag-joyeria-en-fuengirola","18":"product_tag-ladies-watches","19":"product_tag-luxury-lifestyle","20":"product_tag-luxury-watches","21":"product_tag-manufacture","22":"product_tag-manufacture-watches","23":"product_tag-marcas-delujo","24":"product_tag-mujer","25":"product_tag-reloj-de-mujer","26":"product_tag-relojeria-en-fuengirola","27":"product_tag-relojes-de-lujo","28":"product_tag-relojes-exclusivos","29":"product_tag-relojes-suizos","30":"product_tag-status","31":"product_tag-swiss-made","32":"product_tag-swissmade-watches","33":"product_tag-vida-de-lujo","34":"product_tag-watch-collector","35":"product_tag-woman","37":"first","38":"instock","39":"shipping-taxable","40":"purchasable","41":"product-type-simple"},"_links":{"self":[{"href":"https:\/\/joyeriadreide.com\/index.php?rest_route=\/wp\/v2\/product\/4789","targetHints":{"allow":["GET"]}}],"collection":[{"href":"https:\/\/joyeriadreide.com\/index.php?rest_route=\/wp\/v2\/product"}],"about":[{"href":"https:\/\/joyeriadreide.com\/index.php?rest_route=\/wp\/v2\/types\/product"}],"replies":[{"embeddable":true,"href":"https:\/\/joyeriadreide.com\/index.php?rest_route=%2Fwp%2Fv2%2Fcomments&post=4789"}],"wp:featuredmedia":[{"embeddable":true,"href":"https:\/\/joyeriadreide.com\/index.php?rest_route=\/wp\/v2\/media\/4786"}],"wp:attachment":[{"href":"https:\/\/joyeriadreide.com\/index.php?rest_route=%2Fwp%2Fv2%2Fmedia&parent=4789"}],"wp:term":[{"taxonomy":"product_brand","embeddable":true,"href":"https:\/\/joyeriadreide.com\/index.php?rest_route=%2Fwp%2Fv2%2Fproduct_brand&post=4789"},{"taxonomy":"product_cat","embeddable":true,"href":"https:\/\/joyeriadreide.com\/index.php?rest_route=%2Fwp%2Fv2%2Fproduct_cat&post=4789"},{"taxonomy":"product_tag","embeddable":true,"href":"https:\/\/joyeriadreide.com\/index.php?rest_route=%2Fwp%2Fv2%2Fproduct_tag&post=4789"}],"curies":[{"name":"wp","href":"https:\/\/api.w.org\/{rel}","templated":true}]}}