{"id":4723,"date":"2023-10-19T17:30:44","date_gmt":"2023-10-19T17:30:44","guid":{"rendered":"https:\/\/joyeriadreide.com\/product\/seiko-prospex-sumo-solar-gmt-profesional-diver-200m-ref-sfk003j1\/"},"modified":"2023-10-19T17:30:44","modified_gmt":"2023-10-19T17:30:44","slug":"seiko-prospex-sumo-solar-gmt-profesional-diver-200m-ref-sfk003j1","status":"publish","type":"product","link":"https:\/\/joyeriadreide.com\/?product=seiko-prospex-sumo-solar-gmt-profesional-diver-200m-ref-sfk003j1","title":{"rendered":"Seiko Prospex Sumo Solar Gmt Profesional Diver 200M&#8230;Ref : SFK003J1"},"content":{"rendered":"<p><br data-mce-bogus=\"1\"><\/p>\n","protected":false},"excerpt":{"rendered":"<p>El legendario Seiko Prospex Sumo desde su regreso a la colecci\u00f3n,no a dejado de evolucionar,ahora le sumamos a sus ya destacadas cualidades t\u00e9cnicas y est\u00e9ticas,un nuevo movimiento Solar desarrollado por Seiko el calibre 5K65 con un funcion de lo mas \u00fatil el Gmt o segundo uso horario.Para esta versi\u00f3n solar del Prospex Sumo dispone de dos combinaciones exclusivas de color,en este caso un verde agua para el bisel y la esfera,en realce uso de 24h en dos tonos de verde que nos indica el dia y la noche,su lectura es mediante la aguja en punta de flecha en color naranja,a su vez la esfera presenta una ligera decoraci\u00f3n.<\/p>\n","protected":false},"featured_media":4718,"comment_status":"open","ping_status":"closed","template":"","meta":[],"product_brand":[],"product_cat":[323,194,196],"product_tag":[824,494,828,801,614,826,823,829,827,388,400,544,803,821,245,804,384,394,822,830,825,820],"class_list":{"0":"post-4723","1":"product","2":"type-product","3":"status-publish","4":"has-post-thumbnail","6":"product_cat-prospex","7":"product_cat-relojes","8":"product_cat-seiko","9":"product_tag-buceo","10":"product_tag-divewatches","11":"product_tag-estilodevida","12":"product_tag-fuengirola","13":"product_tag-gmt","14":"product_tag-inmersionprofesional","15":"product_tag-joyeriadriede","16":"product_tag-lujo","17":"product_tag-luxueylifestyle","18":"product_tag-profesionaldiver","19":"product_tag-prospexsolar","20":"product_tag-relojesdelujo","21":"product_tag-relojesseiko","22":"product_tag-relojsolar","23":"product_tag-seiko","24":"product_tag-seikoenfuengirola","25":"product_tag-seikoprospex","26":"product_tag-seikoprospexsumo","27":"product_tag-seikoprospexsumosolargmt","28":"product_tag-seikowtches","29":"product_tag-submarinismo","30":"product_tag-sumosolar","32":"first","33":"instock","34":"shipping-taxable","35":"purchasable","36":"product-type-simple"},"_links":{"self":[{"href":"https:\/\/joyeriadreide.com\/index.php?rest_route=\/wp\/v2\/product\/4723","targetHints":{"allow":["GET"]}}],"collection":[{"href":"https:\/\/joyeriadreide.com\/index.php?rest_route=\/wp\/v2\/product"}],"about":[{"href":"https:\/\/joyeriadreide.com\/index.php?rest_route=\/wp\/v2\/types\/product"}],"replies":[{"embeddable":true,"href":"https:\/\/joyeriadreide.com\/index.php?rest_route=%2Fwp%2Fv2%2Fcomments&post=4723"}],"wp:featuredmedia":[{"embeddable":true,"href":"https:\/\/joyeriadreide.com\/index.php?rest_route=\/wp\/v2\/media\/4718"}],"wp:attachment":[{"href":"https:\/\/joyeriadreide.com\/index.php?rest_route=%2Fwp%2Fv2%2Fmedia&parent=4723"}],"wp:term":[{"taxonomy":"product_brand","embeddable":true,"href":"https:\/\/joyeriadreide.com\/index.php?rest_route=%2Fwp%2Fv2%2Fproduct_brand&post=4723"},{"taxonomy":"product_cat","embeddable":true,"href":"https:\/\/joyeriadreide.com\/index.php?rest_route=%2Fwp%2Fv2%2Fproduct_cat&post=4723"},{"taxonomy":"product_tag","embeddable":true,"href":"https:\/\/joyeriadreide.com\/index.php?rest_route=%2Fwp%2Fv2%2Fproduct_tag&post=4723"}],"curies":[{"name":"wp","href":"https:\/\/api.w.org\/{rel}","templated":true}]}}