{"id":4464,"date":"2021-03-26T23:35:03","date_gmt":"2021-03-26T23:35:03","guid":{"rendered":"https:\/\/joyeriadreide.com\/product\/frederique-constant-slimline-monolithic-manufacture-referencia-fc-810mc3s9\/"},"modified":"2021-03-26T23:45:08","modified_gmt":"2021-03-26T23:45:08","slug":"frederique-constant-slimline-monolithic-manufacture-referencia-fc-810mc3s9","status":"publish","type":"product","link":"https:\/\/joyeriadreide.com\/?product=frederique-constant-slimline-monolithic-manufacture-referencia-fc-810mc3s9","title":{"rendered":"Frederique Constant SlimLine Monolithic Manufacture.Referencia : FC-810MC3S9"},"content":{"rendered":"<p>\u00a0 \u00a0 \u00a0 \u00a0 \u00a0 \u00a0 \u00a0 \u00a0 \u00a0 \u00a0 \u00a0 \u00a0 \u00a0 \u00a0 \u00a0 \u00a0 \u00a0 \u00a0 \u00a0 \u00a0 \u00a0 \u00a0 \u00a0 \u00a0 \u00a0 \u00a0 \u00a0 ESPECIFICACIONES TECNICAS<\/p>\n<p>\u00a0 \u00a0 \u00a0 \u00a0 \u00a0 \u00a0 \u00a0 \u00a0 \u00a0 \u00a0 \u00a0CONSULTAR DISPONIBILIDAD EDICION LIMITADA A 81 PIEZAS<\/p>\n<p>MOVIMIENTO : Calibre Manufactura FC-810 Monolithic desarrollo propio &#8211; Organo regulador,ancora integrada y rueda de escape en Silicio Monocristalino &#8211; 40hz &#8211; 288.000 a\/h &#8211; 80h de reserva de marcha &#8211; carga autom\u00e1tica con opci\u00f3n de remonte manual &#8211; Platina y puentes acabados P\u00e9rlage,Cotes d&#8217; Geneve circular,Anglage,masa oscilante calada.Fechador en las 12h.<\/p>\n<p>CAJA : Oro Rosa de 18 SlimLine tripartita,fondo roscado,corona estriada en Oro Rosa de 18k.<\/p>\n<p>Tama\u00f1o : 40 mm<\/p>\n<p>Grosor : 11.0 mm<\/p>\n<p>Cristal : Zafiro con tratamiento antireflectante convex<\/p>\n<p>Esfera : Plateada abierta en las 6h heart beat,decoracion central Cloe d&#8217; Paris,numeros Romanos transferidos en negro,escala de segundos,fehador tipo pointer date en las 12h,agujas minutera y horaria tipo Breguet.<\/p>\n<p>Resistencia al agua : 30M ( 30 atm ) No acuatico<\/p>\n<p>Brazalete : Correa de piel de Cocodrilo marr\u00f3n cosida a mano.<\/p>\n<p>Garantia : 2 a\u00f1os oficial<\/p>\n","protected":false},"excerpt":{"rendered":"<p>Frederique Constant SlimLine Monolithic Manufacture.Una innovaci\u00f3n sin precedentes y revolucionara ya que es una primicia en la industria relojera.El calibre FC-810 es la fusion de la tecnolog\u00eda mas avanzada y la alta relojeria tradicional.El nombre de su novedoso oscilador y \u00f3rgano regulador es Monolithic su nombre es porque esta realizado en una sola pieza en Silicio Monocristalino que incorpora el ancora y una rueda de escape en Silicio,gracias a su flexibilidad rinde nada menos que 40hz o 288.000 alternancias hora..\u00a1\u00a1\u00a1 Impresionante verdad !!! es nada menos que 10 veces mas r\u00e1pido que un organo regulador tradicional del cual se sustituye sus 26 componentes,sin fricci\u00f3n,antimagnetico,sin lubrificacion.La platina de Silicio se consigue mediante el proceso DRIE con unas medidas de 9.8 mm de di\u00e1metro y 0.3 mm de grosor.El movimiento FC-810 utiliza su parte mec\u00e1nica tradicional para aportar 80H de reserva de marcha con carga autom\u00e1tica,terminaci\u00f3nes de primer nivel en los puentes y platina P\u00e9rlage,Anglage y Cotes de Geneve Circular,Masa oscilante calada tratada.<\/p>\n<p>El Habillage para este magnifico y innovador movimiento es la caja de la conocida y exitosa linea SlimLine de 40mm que estar\u00e1 disponible en acero 316L con esfera de color azul y blanca y una pieza en oro rosa de 18k.Las piezas est\u00e1n limitadas de las siguiente forma y bajo reserva la cual nos pod\u00e9is ya realizar.<\/p>\n<p>Acero : limitada a 810 piezas en ambos colores de esfera<\/p>\n<p>Oro rosa de 18k : Limitada a 81 piezas.<\/p>\n","protected":false},"featured_media":4463,"comment_status":"open","ping_status":"closed","template":"","meta":[],"product_brand":[],"product_cat":[207,295,297,194,300],"product_tag":[409,389,687,439,555,523,689,478,688,682,681,685],"class_list":{"0":"post-4464","1":"product","2":"type-product","3":"status-publish","4":"has-post-thumbnail","6":"product_cat-frederique-constant","7":"product_cat-hombre","8":"product_cat-manufacture","9":"product_cat-relojes","10":"product_cat-slimline","11":"product_tag-altarelojeria","12":"product_tag-automatic","13":"product_tag-fc810","14":"product_tag-frederiqueconstant","15":"product_tag-manufactura","16":"product_tag-mesnwatches","17":"product_tag-ororosa","18":"product_tag-relojdehombre","19":"product_tag-relojdeoro","20":"product_tag-silicio","21":"product_tag-silicon","22":"product_tag-slimlinemonolithicmanufacture","24":"first","25":"instock","26":"shipping-taxable","27":"purchasable","28":"product-type-simple"},"_links":{"self":[{"href":"https:\/\/joyeriadreide.com\/index.php?rest_route=\/wp\/v2\/product\/4464","targetHints":{"allow":["GET"]}}],"collection":[{"href":"https:\/\/joyeriadreide.com\/index.php?rest_route=\/wp\/v2\/product"}],"about":[{"href":"https:\/\/joyeriadreide.com\/index.php?rest_route=\/wp\/v2\/types\/product"}],"replies":[{"embeddable":true,"href":"https:\/\/joyeriadreide.com\/index.php?rest_route=%2Fwp%2Fv2%2Fcomments&post=4464"}],"wp:featuredmedia":[{"embeddable":true,"href":"https:\/\/joyeriadreide.com\/index.php?rest_route=\/wp\/v2\/media\/4463"}],"wp:attachment":[{"href":"https:\/\/joyeriadreide.com\/index.php?rest_route=%2Fwp%2Fv2%2Fmedia&parent=4464"}],"wp:term":[{"taxonomy":"product_brand","embeddable":true,"href":"https:\/\/joyeriadreide.com\/index.php?rest_route=%2Fwp%2Fv2%2Fproduct_brand&post=4464"},{"taxonomy":"product_cat","embeddable":true,"href":"https:\/\/joyeriadreide.com\/index.php?rest_route=%2Fwp%2Fv2%2Fproduct_cat&post=4464"},{"taxonomy":"product_tag","embeddable":true,"href":"https:\/\/joyeriadreide.com\/index.php?rest_route=%2Fwp%2Fv2%2Fproduct_tag&post=4464"}],"curies":[{"name":"wp","href":"https:\/\/api.w.org\/{rel}","templated":true}]}}