{"id":4263,"date":"2021-03-16T16:33:37","date_gmt":"2021-03-16T16:33:37","guid":{"rendered":"https:\/\/joyeriadreide.com\/product\/raymond-weil-tango-mens-300m-referencia-8160-st-00300\/"},"modified":"2023-10-14T19:55:12","modified_gmt":"2023-10-14T19:55:12","slug":"raymond-weil-tango-mens-300m-referencia-8160-st-00300","status":"publish","type":"product","link":"https:\/\/joyeriadreide.com\/?product=raymond-weil-tango-mens-300m-referencia-8160-st-00300","title":{"rendered":"Raymond Weil Tango Mens 300M.Referencia : 8160 &#8211; ST &#8211; 00300"},"content":{"rendered":"<p>\u00a0 \u00a0 \u00a0 \u00a0 \u00a0 \u00a0 \u00a0 \u00a0 \u00a0 \u00a0 \u00a0 \u00a0 \u00a0 \u00a0 \u00a0 \u00a0 \u00a0 \u00a0 \u00a0 \u00a0 \u00a0 \u00a0 \u00a0 \u00a0 \u00a0 \u00a0 \u00a0 \u00a0 \u00a0 \u00a0ESPECIFICACIONES TECNICAS<\/p>\n<p>MOVIMIENTO : Quartz Suizo con fechador.<\/p>\n<p>CAJA : Acero 316l tripartita,bisel fijo con dise\u00f1o tipo cavalier,carrura pulida con asas integradas y proteccion de la corona roscada estriada con el logo de la casa, fondo roscado cerrado.<\/p>\n<p>Tama\u00f1o : 41 mm<\/p>\n<p>Grosor : 7.4 mm<\/p>\n<p>Cristal : Zafiro con tratamiento antirreflectante<\/p>\n<p>Esfera : Blanca,decoracion central Guilloche olas de mar, indices en numeros Romanos aplicados, escala de segundos en realce, fechador en las 3h,agujas H y M pulidas tratadas en Superluminova.<\/p>\n<p>Resistencia al agua : 300M ( 30 atm )<\/p>\n<p>Brazalete : Acero 316l de eslabon multipieza con parte pulida y satinada, unidos mediante torniller\u00eda,cierre de triple hoja oculto con logo de la casa y botones de seguridad<\/p>\n<p>Garantia : 3 a\u00f1os oficial<\/p>\n","protected":false},"excerpt":{"rendered":"<p>La versatil linea Tango Ladys o Men de Raymond Weil representa el concepto de dinamismo,robustez que un sport luxury watch debe tener,una herramienta perfecta para acompa\u00f1arte en tus extremas aventuras o ir a la oficina,esto es gracias a su especial arquitectura de caja en acero 316l de alta calidad sumergible a 300M ( 30 atm ) todo fusionado en un dise\u00f1o elegante y contempor\u00e1neo.La colecci\u00f3n esta disponible en multiples combinaciones de color de esfera y acabados ya sea acero o bicolor en pvd rosado o amarillo.Ademas de un equilibrio de calidad precio insuperables en su categor\u00eda.Todo un lujo asequible.<\/p>\n","protected":false},"featured_media":4262,"comment_status":"open","ping_status":"closed","template":"","meta":[],"product_brand":[],"product_cat":[310,289,194,315],"product_tag":[409,479,557,592,478,587,591,593,416,590],"class_list":{"0":"post-4263","1":"product","2":"type-product","3":"status-publish","4":"has-post-thumbnail","6":"product_cat-hombre-raymond-weil","7":"product_cat-raymond-weil","8":"product_cat-relojes","9":"product_cat-tango","10":"product_tag-altarelojeria","11":"product_tag-menswatches","12":"product_tag-raymondweil","13":"product_tag-raymondweiltango","14":"product_tag-relojdehombre","15":"product_tag-rwtango","16":"product_tag-rwtango300","17":"product_tag-rwtangomen","18":"product_tag-swissmade","19":"product_tag-tango300","21":"first","22":"instock","23":"shipping-taxable","24":"purchasable","25":"product-type-simple"},"_links":{"self":[{"href":"https:\/\/joyeriadreide.com\/index.php?rest_route=\/wp\/v2\/product\/4263","targetHints":{"allow":["GET"]}}],"collection":[{"href":"https:\/\/joyeriadreide.com\/index.php?rest_route=\/wp\/v2\/product"}],"about":[{"href":"https:\/\/joyeriadreide.com\/index.php?rest_route=\/wp\/v2\/types\/product"}],"replies":[{"embeddable":true,"href":"https:\/\/joyeriadreide.com\/index.php?rest_route=%2Fwp%2Fv2%2Fcomments&post=4263"}],"wp:featuredmedia":[{"embeddable":true,"href":"https:\/\/joyeriadreide.com\/index.php?rest_route=\/wp\/v2\/media\/4262"}],"wp:attachment":[{"href":"https:\/\/joyeriadreide.com\/index.php?rest_route=%2Fwp%2Fv2%2Fmedia&parent=4263"}],"wp:term":[{"taxonomy":"product_brand","embeddable":true,"href":"https:\/\/joyeriadreide.com\/index.php?rest_route=%2Fwp%2Fv2%2Fproduct_brand&post=4263"},{"taxonomy":"product_cat","embeddable":true,"href":"https:\/\/joyeriadreide.com\/index.php?rest_route=%2Fwp%2Fv2%2Fproduct_cat&post=4263"},{"taxonomy":"product_tag","embeddable":true,"href":"https:\/\/joyeriadreide.com\/index.php?rest_route=%2Fwp%2Fv2%2Fproduct_tag&post=4263"}],"curies":[{"name":"wp","href":"https:\/\/api.w.org\/{rel}","templated":true}]}}