{"id":4212,"date":"2021-03-13T22:10:57","date_gmt":"2021-03-13T22:10:57","guid":{"rendered":"https:\/\/joyeriadreide.com\/product\/frederique-constant-slimline-moonphase-manufacture-fc-705s4s6\/"},"modified":"2023-10-21T20:17:43","modified_gmt":"2023-10-21T20:17:43","slug":"frederique-constant-slimline-moonphase-manufacture-fc-705s4s6","status":"publish","type":"product","link":"https:\/\/joyeriadreide.com\/?product=frederique-constant-slimline-moonphase-manufacture-fc-705s4s6","title":{"rendered":"Frederique Constant SlimLine Moonphase Manufacture FC-705S4S6"},"content":{"rendered":"<p>\u00a0 \u00a0 \u00a0 \u00a0 \u00a0 \u00a0 \u00a0 \u00a0 \u00a0 \u00a0 \u00a0 \u00a0 \u00a0 \u00a0 \u00a0 \u00a0 \u00a0 \u00a0 \u00a0 \u00a0 \u00a0 \u00a0 \u00a0 \u00a0 \u00a0 \u00a0 \u00a0ESPECIFICACIONES TECNICAS<\/p>\n<p>MOVIMIENTO : Calibre FC-705 Moonphase Manufactura Automatic Swiss Made &#8211; 28.800 a\/h &#8211; 4hz &#8211; 26 rubis &#8211; 42h de reserva de marcha.Puentes y platina decorados con Cotes de Geneve y Perlage.Funciones controladas a trav\u00e9s de la corona.<\/p>\n<p>Funciones : Horas &#8211; Minutos &#8211; Fase lunar &#8211; Fechador tipo Pointer date.<\/p>\n<p>CAJA : Acero 316l pulida tripartita, fondo roscado,corona estriada,Asas curvex.<\/p>\n<p>Tama\u00f1o : 42 mm<\/p>\n<p>Grosor : 12 mm<\/p>\n<p>Cristal : En anverso y reverso cristal de zafiro con tratamiento antireflectante<\/p>\n<p>Esfera : Plata de especial dise\u00f1o,abovedad y convex,indices en bast\u00f3n aplicados a mano,en las 6h fase lunar flanqueada por fechador con aguja en negro.<\/p>\n<p>Resistencia al agua : 30M ( 3 atm ) No acuatico<\/p>\n<p>Brazalete : Correa de piel de Cocodrilo.<\/p>\n","protected":false},"excerpt":{"rendered":"<p>De ultra chic a superdeportivo,Frederique Constant nos ofrece los excepcionales Slimline Moonphase Manufactura,una coleccion que destaca por su belleza y un concepto de dise\u00f1o muy conseguido,de hecho es un \u00e9xito de ventas, ideado para ser vers\u00e1til y acompa\u00f1arte en tu aventura diaria,su ideal tama\u00f1o de caja en 42mm de especial arquitectura de perfil fino de dise\u00f1o contemporaneo, la esfera tiene un especial y complejo trabajo abovedada y convex,nos da una sensaci\u00f3n de amplitud,a su vez su geometr\u00eda es limpia, legible y es atractiva.El movimiento el calibre de manufactura FC-705 Moonphase Automatic,con la particularidad que los ajustes de H-M-S-Moonphase se hace a trav\u00e9s de la corona.<\/p>\n","protected":false},"featured_media":4211,"comment_status":"open","ping_status":"closed","template":"","meta":[],"product_brand":[],"product_cat":[207,295,194,300],"product_tag":[409,537,439,449,545,479,478,544,543,458,416],"class_list":{"0":"post-4212","1":"product","2":"type-product","3":"status-publish","4":"has-post-thumbnail","6":"product_cat-frederique-constant","7":"product_cat-hombre","8":"product_cat-relojes","9":"product_cat-slimline","10":"product_tag-altarelojeria","11":"product_tag-faselunar","12":"product_tag-frederiqueconstant","13":"product_tag-luxurywatches","14":"product_tag-manufactura-relojssuizo","15":"product_tag-menswatches","16":"product_tag-relojdehombre","17":"product_tag-relojesdelujo","18":"product_tag-slimelinemoonphasemanufacture","19":"product_tag-slimline","20":"product_tag-swissmade","22":"first","23":"instock","24":"shipping-taxable","25":"purchasable","26":"product-type-simple"},"_links":{"self":[{"href":"https:\/\/joyeriadreide.com\/index.php?rest_route=\/wp\/v2\/product\/4212","targetHints":{"allow":["GET"]}}],"collection":[{"href":"https:\/\/joyeriadreide.com\/index.php?rest_route=\/wp\/v2\/product"}],"about":[{"href":"https:\/\/joyeriadreide.com\/index.php?rest_route=\/wp\/v2\/types\/product"}],"replies":[{"embeddable":true,"href":"https:\/\/joyeriadreide.com\/index.php?rest_route=%2Fwp%2Fv2%2Fcomments&post=4212"}],"wp:featuredmedia":[{"embeddable":true,"href":"https:\/\/joyeriadreide.com\/index.php?rest_route=\/wp\/v2\/media\/4211"}],"wp:attachment":[{"href":"https:\/\/joyeriadreide.com\/index.php?rest_route=%2Fwp%2Fv2%2Fmedia&parent=4212"}],"wp:term":[{"taxonomy":"product_brand","embeddable":true,"href":"https:\/\/joyeriadreide.com\/index.php?rest_route=%2Fwp%2Fv2%2Fproduct_brand&post=4212"},{"taxonomy":"product_cat","embeddable":true,"href":"https:\/\/joyeriadreide.com\/index.php?rest_route=%2Fwp%2Fv2%2Fproduct_cat&post=4212"},{"taxonomy":"product_tag","embeddable":true,"href":"https:\/\/joyeriadreide.com\/index.php?rest_route=%2Fwp%2Fv2%2Fproduct_tag&post=4212"}],"curies":[{"name":"wp","href":"https:\/\/api.w.org\/{rel}","templated":true}]}}