{"id":4174,"date":"2021-03-11T15:01:14","date_gmt":"2021-03-11T15:01:14","guid":{"rendered":"https:\/\/joyeriadreide.com\/product\/victorinox-swiss-army-maverick-chronograph-verde-v241693\/"},"modified":"2021-03-11T15:06:26","modified_gmt":"2021-03-11T15:06:26","slug":"victorinox-swiss-army-maverick-chronograph-verde-v241693","status":"publish","type":"product","link":"https:\/\/joyeriadreide.com\/?product=victorinox-swiss-army-maverick-chronograph-verde-v241693","title":{"rendered":"Victorinox Swiss Army Maverick Chronograph Verde V241693"},"content":{"rendered":"<p>\u00a0 \u00a0 \u00a0 \u00a0 \u00a0 \u00a0 \u00a0 \u00a0 \u00a0 \u00a0 \u00a0 \u00a0 \u00a0 \u00a0 \u00a0 \u00a0 \u00a0 \u00a0 \u00a0 \u00a0 \u00a0 \u00a0 \u00a0 \u00a0 \u00a0 \u00a0 \u00a0 ESPECIFICACIONES TECNICAS<\/p>\n<p>MOVIMIENTO : Quartz Suizo Analogico con las siguientes funciones<\/p>\n<p>&#8211; Horas y Minutos<\/p>\n<p>&#8211; Totalizador de 30min\u00a0<\/p>\n<p>&#8211; Totalizador de 12h<\/p>\n<p>&#8211; Trotadora central del chrono<\/p>\n<p>&#8211; Peque\u00f1o segundero<\/p>\n<p>&#8211; Fechador<\/p>\n<p>CAJA : Acero 316l Pulida y satinada tripartita bicolor con tratamiento en pvd amarillo,bisel unidireccional con escala de tiempo de inmersi\u00f3n,fondo roscado, pulsadores del chrono en las 2h y 4h,proteccion en carrura para la corona<\/p>\n<p>Tama\u00f1o : 43 mm<\/p>\n<p>Grosor : 12.2 mm<\/p>\n<p>Peso : 208 gr<\/p>\n<p>Cristal : Zafiro con tratamiento antireflectante<\/p>\n<p>Esfera : Verde Tricompax,indices ar\u00e1bigos y baston aplicados en pvd amarillo,agujas HyM pulidas tratadas en superluminova en pvd amarillo,agujas del chrono y peque\u00f1o segundero en pvd amarillo,totalizador de 30min en las 9h,totalizador de 12h con fechador en las 6h,peque\u00f1o segundero en las 3h,trotadora central del chrono,escala de taqu\u00edmetro en realce.<\/p>\n<p>Resistencia al agua : 100M ( 10 atm )<\/p>\n<p>Brazalete : Armix de acero bicolor en pvd amarillo 316l de eslab\u00f3n compuesto de tres piezas, cierre de seguridad de triple hoja.<\/p>\n<p>Garantia : 5 a\u00f1os oficial<\/p>\n","protected":false},"excerpt":{"rendered":"<p>Victorinox Swiss Army Maverick Chrono,una pieza sport elegante,fuerte,resistente,multifuncional,una pieza ideal para quien busca la elegancia y a su vez una herramienta extr\u00e9ma,la exitosa linea Maverick Chrono se presenta en diferentes acabados de caja,armix y esfera en el que podras encontrar el que mas se adapte a tu personalidad.Las piezas Maverick est\u00e1n realizadas en el poderos acero Victorinox y las terminaciones son de primera calidad.Disponen de 5 a\u00f1os de garant\u00eda oficial.<\/p>\n<p>Esta es la pieza Victorinox Swiss Army Maverick Chrono Quartz Acero bicolor con tratamiento en pvd amarillo, esfera y bisel verde.<\/p>\n","protected":false},"featured_media":4173,"comment_status":"open","ping_status":"closed","template":"","meta":[],"product_brand":[],"product_cat":[328,339,194,213],"product_tag":[428,521,522,479,478,416,419,412],"class_list":{"0":"post-4174","1":"product","2":"type-product","3":"status-publish","4":"has-post-thumbnail","6":"product_cat-hombre-victorinox","7":"product_cat-maverick","8":"product_cat-relojes","9":"product_cat-victorinox","10":"product_tag-chronograph","11":"product_tag-maverick","12":"product_tag-maverickchrono","13":"product_tag-menswatches","14":"product_tag-relojdehombre","15":"product_tag-swissmade","16":"product_tag-victorinox","17":"product_tag-victorinoxswissarmy","19":"first","20":"instock","21":"shipping-taxable","22":"purchasable","23":"product-type-simple"},"_links":{"self":[{"href":"https:\/\/joyeriadreide.com\/index.php?rest_route=\/wp\/v2\/product\/4174","targetHints":{"allow":["GET"]}}],"collection":[{"href":"https:\/\/joyeriadreide.com\/index.php?rest_route=\/wp\/v2\/product"}],"about":[{"href":"https:\/\/joyeriadreide.com\/index.php?rest_route=\/wp\/v2\/types\/product"}],"replies":[{"embeddable":true,"href":"https:\/\/joyeriadreide.com\/index.php?rest_route=%2Fwp%2Fv2%2Fcomments&post=4174"}],"wp:featuredmedia":[{"embeddable":true,"href":"https:\/\/joyeriadreide.com\/index.php?rest_route=\/wp\/v2\/media\/4173"}],"wp:attachment":[{"href":"https:\/\/joyeriadreide.com\/index.php?rest_route=%2Fwp%2Fv2%2Fmedia&parent=4174"}],"wp:term":[{"taxonomy":"product_brand","embeddable":true,"href":"https:\/\/joyeriadreide.com\/index.php?rest_route=%2Fwp%2Fv2%2Fproduct_brand&post=4174"},{"taxonomy":"product_cat","embeddable":true,"href":"https:\/\/joyeriadreide.com\/index.php?rest_route=%2Fwp%2Fv2%2Fproduct_cat&post=4174"},{"taxonomy":"product_tag","embeddable":true,"href":"https:\/\/joyeriadreide.com\/index.php?rest_route=%2Fwp%2Fv2%2Fproduct_tag&post=4174"}],"curies":[{"name":"wp","href":"https:\/\/api.w.org\/{rel}","templated":true}]}}