{"id":3819,"date":"2021-02-25T14:03:20","date_gmt":"2021-02-25T14:03:20","guid":{"rendered":"https:\/\/joyeriadreide.com\/product\/seiko-prospex-sumo-spb101j1est-set-especial-espana-profesional-diver-automatic\/"},"modified":"2025-01-17T23:32:23","modified_gmt":"2025-01-17T23:32:23","slug":"seiko-prospex-sumo-spb101j1est-set-especial-espana-profesional-diver-automatic","status":"publish","type":"product","link":"https:\/\/joyeriadreide.com\/?product=seiko-prospex-sumo-spb101j1est-set-especial-espana-profesional-diver-automatic","title":{"rendered":"Seiko Prospex Sumo Automatic Profesional Diver 200M.Ref : SPB101"},"content":{"rendered":"<p style=\"text-align: left\" data-mce-style=\"text-align: left;\">\u00a0 \u00a0 \u00a0 \u00a0 \u00a0 \u00a0 \u00a0 \u00a0 \u00a0 \u00a0 \u00a0 \u00a0 \u00a0 \u00a0 \u00a0 \u00a0 \u00a0 \u00a0 \u00a0 \u00a0 \u00a0 \u00a0 \u00a0 \u00a0 \u00a0 \u00a0 \u00a0 \u00a0 \u00a0 \u00a0ESPECIFICACIONES TECNICAS<\/p>\n<p>MOVIMIENTO : Seiko Calibre Automatico con capacidad de carga manual 6R35 Trimatic &#8211; 21.600 a\/h &#8211; 3.5hz &#8211; 70h de reserva de marcha &#8211; 24rubis &#8211; funcion de parada de segundos &#8211; fechador en las 3h.<\/p>\n<p>CAJA : Acero 316l tripartita con tratamiento SuperHard coating,corona y fondo roscado, bisel unidireccional con escala de tiempo de inmersi\u00f3n con anillo de aluminio adonizado pavonado en negro.<\/p>\n<p>Tama\u00f1o : 45mm<\/p>\n<p>Grosor : 12.9mm<\/p>\n<p>Cristal : Zafiro con tratamiento antireflejo en cara interna.<\/p>\n<p>Resistencia al agua : 200M ( 20 atm )<\/p>\n<p>Esfera : Negra con indices y agujas tratados en Lumibrite \u00a0y fechador en ventanilla en las 3h<\/p>\n<p>Brazalete : Armix de acero con cierre de tres hojas con bot\u00f3n de seguridad extensor,parte extensible para ajustar con traje de inmersi\u00f3n.<\/p>\n<p>Garantia : 3 a\u00f1os oficial<\/p>\n","protected":false},"excerpt":{"rendered":"<p>El legendario Seiko Prospex Sumo de 2007 que revoluci\u00f3n a los seguidores seiko se renueva,aumentando sus caracter\u00edsticas t\u00e9cnicas,un dise\u00f1o mas actual y ofreciendo una calidad superior.Es el primero de la linea Porspex en estrenar el fant\u00e1stico calibre 6R35 Trimatic de 70h de reserva de marcha y ahora se le incorpora un cristal de zafiro.<\/p>\n","protected":false},"featured_media":3817,"comment_status":"open","ping_status":"closed","template":"","meta":[],"product_brand":[],"product_cat":[323,194,196],"product_tag":[389,388,374,393,245,384,394],"class_list":{"0":"post-3819","1":"product","2":"type-product","3":"status-publish","4":"has-post-thumbnail","6":"product_cat-prospex","7":"product_cat-relojes","8":"product_cat-seiko","9":"product_tag-automatic","10":"product_tag-profesionaldiver","11":"product_tag-prospex","12":"product_tag-prospexsumo","13":"product_tag-seiko","14":"product_tag-seikoprospex","15":"product_tag-seikoprospexsumo","17":"first","18":"instock","19":"shipping-taxable","20":"purchasable","21":"product-type-simple"},"_links":{"self":[{"href":"https:\/\/joyeriadreide.com\/index.php?rest_route=\/wp\/v2\/product\/3819","targetHints":{"allow":["GET"]}}],"collection":[{"href":"https:\/\/joyeriadreide.com\/index.php?rest_route=\/wp\/v2\/product"}],"about":[{"href":"https:\/\/joyeriadreide.com\/index.php?rest_route=\/wp\/v2\/types\/product"}],"replies":[{"embeddable":true,"href":"https:\/\/joyeriadreide.com\/index.php?rest_route=%2Fwp%2Fv2%2Fcomments&post=3819"}],"wp:featuredmedia":[{"embeddable":true,"href":"https:\/\/joyeriadreide.com\/index.php?rest_route=\/wp\/v2\/media\/3817"}],"wp:attachment":[{"href":"https:\/\/joyeriadreide.com\/index.php?rest_route=%2Fwp%2Fv2%2Fmedia&parent=3819"}],"wp:term":[{"taxonomy":"product_brand","embeddable":true,"href":"https:\/\/joyeriadreide.com\/index.php?rest_route=%2Fwp%2Fv2%2Fproduct_brand&post=3819"},{"taxonomy":"product_cat","embeddable":true,"href":"https:\/\/joyeriadreide.com\/index.php?rest_route=%2Fwp%2Fv2%2Fproduct_cat&post=3819"},{"taxonomy":"product_tag","embeddable":true,"href":"https:\/\/joyeriadreide.com\/index.php?rest_route=%2Fwp%2Fv2%2Fproduct_tag&post=3819"}],"curies":[{"name":"wp","href":"https:\/\/api.w.org\/{rel}","templated":true}]}}